0) in base 12?
-75a
Convert 3345 (base 6) to base 4.
30101
What is -243474 (base 8) in base 2?
-10100011100111100
-21303 (base 4) to base 3
-212020
-144434 (base 5) to base 16
-1864
-201415 (base 6) to base 11
-10a66
What is 15933 (base 11) in base 9?
33672
Convert -134321 (base 5) to base 13.
-2709
4d2 (base 16) to base 5
14414
What is 881 (base 12) in base 15?
584
706 (base 11) to base 4
31111
Convert -5531 (base 14) to base 4.
-3212113
Convert 57c (base 13) to base 5.
12243
What is -5347 (base 9) in base 6?
-30111
Convert 8d8 (base 15) to base 11.
1561
What is 1e6 (base 15) in base 7?
1200
What is -224 (base 6) in base 2?
-1011000
Convert -6507 (base 13) to base 8.
-33322
-147 (base 9) to base 13
-97
What is 1000100221 (base 3) in base 15?
5da1
522 (base 11) to base 4
21311
-135532 (base 7) to base 6
-320201
What is 4016 (base 8) in base 12?
123a
12102102 (base 3) to base 16
f71
Convert -151 (base 8) to base 4.
-1221
2 (base 12) to base 14
2
-1100100010111 (base 2) to base 10
-6423
4082 (base 9) to base 7
11501
Convert 15 (base 14) to base 16.
13
What is 31283 (base 9) in base 10?
20649
What is 309 (base 13) in base 11?
42a
What is 4069 (base 14) in base 11?
8353
10110100011000 (base 2) to base 5
332134
231020 (base 5) to base 3
102022221
112211100 (base 3) to base 2
10101000111001
134 (base 10) to base 11
112
What is 341 (base 12) in base 2?
111100001
111431 (base 7) to base 16
4d39
Convert -100201111 (base 3) to base 6.
-52451
Convert -113661 (base 8) to base 13.
-148a2
4012 (base 7) to base 12
971
-4101 (base 7) to base 11
-1083
-310244 (base 5) to base 15
-2eb9
-42442 (base 5) to base 12
-17b4
Convert -e40 (base 15) to base 3.
-11101220
Convert -33695 (base 10) to base 3.
-1201012222
Convert 220102 (base 4) to base 5.
40303
Convert -40121 (base 5) to base 10.
-2536
Convert -1112 (base 7) to base 11.
-335
Convert -7683 (base 10) to base 4.
-1320003
242442 (base 6) to base 11
15039
Convert f13f (base 16) to base 3.
10010201101
What is 1310523 (base 6) in base 15?
162a0
What is -340001 (base 5) in base 11?
-8a17
Convert 2cd6 (base 14) to base 10.
8028
-70256 (base 8) to base 9
-43511
-1101110100000 (base 2) to base 13
-32b0
What is 2781 (base 16) in base 9?
14776
Convert -132504 (base 6) to base 9.
-17754
Convert 769b (base 12) to base 5.
404304
Convert 23211 (base 4) to base 3.
1000110
Convert -32f7 (base 16) to base 4.
-3023313
What is -1394 (base 11) in base 15?
-7ec
585 (base 9) to base 13
2b1
Convert -22556 (base 9) to base 5.
-440121
-303301 (base 4) to base 10
-3313
Convert 5342 (base 6) to base 13.
725
e2 (base 15) to base 7
422
4c5a (base 16) to base 12
b38a
-9322 (base 15) to base 12
-15ba2
-322103 (base 4) to base 10
-3731
What is 413 (base 14) in base 6?
3413
What is 102503 (base 6) in base 11?
6339
What is 101015 (base 6) in base 12?
476b
What is -10000101 (base 2) in base 11?
-111
-4032 (base 15) to base 8
-32353
Convert -840 (base 12) to base 7.
-3333
220223 (base 4) to base 3
10120102
Convert -1177 (base 11) to base 9.
-2086
Convert 122 (base 5) to base 16.
25
What is -1210210 (base 3) in base 4?
-110211
Convert 5cb (base 15) to base 7.
3560
Convert -13302 (base 4) to base 13.
-2c4
-342 (base 12) to base 10
-482
-b0a7 (base 14) to base 7
-154300
-15213 (base 8) to base 6
-51243
14642 (base 7) to base 12
2455
What is 182 (base 15) in base 4?
11123
-232c (base 14) to base 9
-8345
-14141 (base 5) to base 6
-5231
Convert 1710 (base 12) to base 11.
2079
Convert 5400 (base 6) to base 8.
2310
What is 3379 (base 12) in base 10?
5709
-b45 (base 15) to base 4
-213230
Convert -113157 (base 8) to base 11.
-26a30
1022412 (base 6) to base 11
34492
Convert -44c1 (base 14) to base 11.
-8a65
What is -344553 (base 7) in base 9?
-103543
-9ab (base 13) to base 12
-b66
What is 3cb (base 14) in base 8?
1377
-623f (base 16) to base 7
-133220
Convert -1062 (base 14) to base 15.
-c8a
-16a8 (base 15) to base 13
-22b8
Convert -5c19 (base 14) to base 8.
-37337
Convert 3ee (base 16) to base 6.
4354
860 (base 9) to base 3
222000
-3d4 (base 14) to base 16
-306
Convert 1001011100010 (base 2) to base 4.
1023202
What is 380 (base 13) in base 12?
42b
8d10 (base 14) to base 8
57702
-5a1 (base 16) to base 4
-112201
What is -1573 (base 10) in base 7?
-4405
24511 (base 6) to base 10
3643
Convert -132330 (base 4) to base 3.
-2201100
What is -1ab05 (base 12) in base 14?
-1060d
What is -130 (base 11) in base 14?
-b0
What is 100011011001110 (base 2) in base 10?
18126
What is 1101 (base 14) in base 7?
11401
What is 1782 (base 15) in base 9?
6855
What is b0 (base 12) in base 13?
a2
8210 (base 9) to base 10
6003
What is 62c (base 14) in base 12?
854
Convert 94 (base 13) to base 5.
441
-120211 (base 7) to base 11
-15351
What is 5 (base 6) in base 8?
5
What is -121000 (base 3) in base 7?
-1155
13 (base 5) to base 7
11
-24114 (base 6) to base 7
-13132
-104352 (base 6) to base 5
-240110
Convert bbb (base 15) to base 16.
a5b
-74a2 (base 12) to base 8
-30772
What is -e7d0 (base 16) in base 6?
-1134424
What is -6b3 (base 16) in base 12?
-bab
482 (base 12) to base 7
1652
12741 (base 13) to base 10
34191
Convert -10110001 (base 3) to base 6.
-15344
Convert 20020 (base 3) to base 16.
a8
-20012 (base 4) to base 6
-2222
What is -1304 (base 9) in base 14?
-4da
Convert -19549 (base 10) to base 12.
-b391
Convert -1083 (base 11) to base 2.
-10110001110
-560 (base 12) to base 2
-1100011000
41411 (base 6) to base 14
2047
What is -a67a (base 15) in base 14?
-cb95
What is -2077 (base 10) in base 6?
-13341
What is -9247 (base 10) in base 14?
-3527
Convert 21230 (base 5) to base 15.
660
Convert 4015 (base 6) to base 5.
12000
Convert 24 (base 11) to base 14.
1c
What is -22211201 (base 3) in base 7?
-24535
Convert -211022022 (base 3) to base 6.
-203142
What is -13113212 (base 4) in base 2?
-111010111100110
Convert a62 (base 13) to base 2.
11011101010
51027 (base 8) to base 3
1001211100
-301230 (base 4) to base 6
-22420
What is 1311321 (base 5) in base 13?
b9b5
What is 57d7 (base 16) in base 4?
11133113
What is 220202010 (base 3) in base 8?
43167
Convert -69 (base 11) to base 7.
-135
Convert -201221 (base 4) to base 7.
-6164
Convert 775 (base 12) to base 13.
665
Convert -3422 (base 12) to base 10.
-5786
What is 1220111 (base 4) in base 10?
6677
What is -49a3 (base 11) in base 7?
-25012
What is -31145 (base 9) in base 13?
-9467
Convert -7702 (base 8) to base 10.
-4034
-16377 (base 12) to base 2
-111101110001011
Convert 3c75 (base 16) to base 12.
8b59
Convert 180 (base 11) to base 16.
d1
What is -194b (base 12) in base 10?
-3083
Convert -21707 (base 11) to base 12.
-16263
113332 (base 4) to base 5
22114
Convert 205 (base 12) to base 5.
2133
-3256 (base 7) to base 9
-1537
-103230 (base 4) to base 9
-1650
Convert -bb (base 12) to base 13.
-b0
Convert 22300 (base 4) to base 15.
30d
3405 (base 6) to base 11
665
Convert -3ecc (base 15) to base 3.
-200110210
-201242 (base 6) to base 3
-210202122
What is 10230 (base 5) in base 14?
374
Convert 3133 (base 10) to base 4.
300331
-1010 (base 10) to base 3
-1101102
137b (base 12) to base 7
6401
7a1 (base 15) to base 3
2100221
Convert -4a (base 15) to base 11.
-64
-112122 (base 4) to base 5
-21214
What is 2215 (base 6) in base 9?
632
1111020 (base 3) to base 7
3111
What is 323311 (base 4) in base 6?
25421
What is 443 (base 5) in base 4?
1323
142020 (base 5) to base 4
1123331
What is -133014 (base 5) in base 10?
-5384
-37554 (base 9) to base 3
-1021121211
Convert 211221 (base 4) to base 11.
18a0
Convert 110021011 (base 3) to base 12.
5211
What is -1110001011011 (base 2) in base 12?
-424b
What is -d80e (base 16) in base 14?
-1622a
Convert -144412 (base 6) to base 14.
-5144
What is 102412 (base 7) in base 4?
10110202
What is -6d7b (base 14) in base 5?
-1102441
What is -306 (base 14) in base 3?
-211000
224430 (base 6) to base 15
5a30
100011100 (base 2) to base 5
2114
-467 (base 12) to base 3
-220021
Convert -4794 (base 15) to base 14.
-578a
What is -110001101110 (base 2) in base 14?
-1234
71a0 (base 11) to base 3
111002122
-311344 (base 5) to base 13
-4866
-543203 (base 6) to base 15
-d40c
What is -201121111 (base 3) in base 13?
-6679
Convert 21033122 (base 4) to base 2.
1001001111011010
20076 (base 8) to base 9
12281
522 (base 15) to base 8
2205
What is -26